 2. Let o be w(5). Let b = o - a. Is b composite?
True
Let j = -5 - -10. Suppose 5*b + 0*b = -j*p + 30, 4*p - 24 = b. Is -93*(0 - p/9) a prime number?
False
Let y(o) = 23*o**3 - o**2. Suppose -3*v + s + 1 = 3*s, s - 2 = -3*v. Is y(v) a composite number?
True
Let z(k) = 3*k**2 + 3*k - 3. Let a(v) = -9*v**2 - 10*v + 10. Let f(l) = 2*a(l) + 7*z(l). Is f(1) composite?
False
Is 3*(-4 - (-1038)/9) a composite number?
True
Suppose 30 = 4*c + 10. Suppose u + c*h - 144 = -0*u, -5*h - 452 = -3*u. Is u a prime number?
True
Suppose 4*y - 5*y = -1, -g = 3*y - 92. Is g prime?
True
Let g(j) = 11*j - 2. Let c be g(7). Suppose 3*o + x - 5 = 3, -2*x = 3*o - 7. Suppose -5*m + 95 = 5*q, o*m - 12 = 5*q - c. Is q a prime number?
False
Let b = -247 + 430. Is (b - -3 - 0)/2 a prime number?
False
Let y be 3 + 4*-1 - 62. Let n be 32/(-18) - (-14)/y. Is (-1)/n - 2356/(-8) composite?
True
Suppose 3*s - 4*s + 123 = n, 2*s + 8 = 0. Is n a prime number?
True
Suppose o + 4*k + 560 = 3*k, 4*k = 3*o + 1715. Let g = o - -1010. Suppose -2*z = 3*z - g. Is z a prime number?
True
Let b = -481 + 774. Is b composite?
False
Let s = 118 + -169. Let c = s - -102. Is c composite?
True
Suppose -4*x + 12 = 0, 0 = 5*m - 5*x + 4*x - 8962. Is m composite?
True
Suppose 5*m - 3 = 192. Is m prime?
False
Suppose -2*x + 417 = 19. Is x a composite number?
False
Suppose d - 2*d = -79. Let w = -21 + d. Is w composite?
True
Is (-4 + 5)*(-1 + 416) composite?
True
Let r(q) = q**3 - 7*q**2 + 7. Let i be r(7). Suppose f = -i - 11. Let d = f - -71. Is d prime?
True
Let q(n) = 4*n + 5. Let g(i) = 7*i + 10. Let x(o) = 6*g(o) - 11*q(o). Let b be x(-5). Suppose 0 = 4*c - b + 3. Is c a composite number?
False
Suppose 0 = t - 2*t. Let d = t + 5. Suppose 0 = -5*h - 3*o + 79 + 116, 0 = -d*o. Is h a composite number?
True
Suppose 0 = 2*p + 8*z - 6*z + 196, 0 = -p - 4*z - 113. Let q = p - -254. Is q composite?
True
Let l be ((-4)/10)/((-2)/10). Let t(j) = 2 + 9 + j**2 + 12*j - l*j**2. Is t(10) a composite number?
False
Let n(g) = -198*g**3 - 3*g**2 - 2*g + 6. Is n(-3) a prime number?
False
Let p(m) be the third derivative of -m**4 + 5*m**3/6 + 8*m**2. Suppose 5*w - 4*c = -26, -3*w + 9 = -4*w - 3*c. Is p(w) composite?
False
Let w(k) = -9*k**2 - k + 4. Let r be w(-3). Let u = r + 261. Is u a prime number?
False
Suppose -2*x = -v + 2*v + 9, 3*x + 2*v = -15. Let n = x - -4. Is (-20)/(-1) + n/1 a prime number?
False
Let x be 2/(-3)*3/(-2). Is (2/1)/(x/11) composite?
True
Let b = 531 + -254. Is b composite?
False
Suppose 3*u = 5*a - 317 + 1008, -5*u - 2*a + 1193 = 0. Is u a composite number?
True
Let c = -13 + 19. Suppose -m - 6 = 2*f - 23, -2*m = 2*f - 28. Is 339/m + c/33 a prime number?
True
Let h be 10*(1 + 3/(-2)). Let u = 15 + -17. Is (4/(-5) + u)*h a composite number?
True
Suppose 15*x - 8*x - 1841 = 0. Is x a prime number?
True
Is (826/(-4))/(7/(-14)) prime?
False
Suppose z - 24 = -2*z. Let k = z - 5. Suppose 0 = h - k*j + 47 - 138, h - 95 = 4*j. Is h composite?
False
Let n(u) = 3*u - 3. Suppose -6 = 4*m - 7*m. Let z be n(m). Suppose 0 = z*q + q - 132. Is q composite?
True
Suppose -51 = -m + 490. Is m prime?
True
Suppose 0 = 3*s + 2*s. Suppose -3*u - g + 541 + 68 = s, 0 = 5*u + 2*g - 1015. Is u a prime number?
False
Is ((-437)/2)/(((-3)/(-3))/(-2)) a composite number?
True
Suppose 0 = -10*m + 5*m, 3*b - 5205 = 2*m. Is b a composite number?
True
Suppose 0 = 5*a - 0*a + 25. Let r(l) = 3*l**2 + 6*l + 6. Is r(a) a composite number?
True
Let c be (-4)/(5/(-3) + 2). Is (237/c)/(3/(-12)) a composite number?
False
Let y be ((5 - 3) + -1)*5. Suppose 1 + y = -3*r. Is (-1)/(111/57 + r) prime?
True
Let h(x) = x**3 - 2*x**2 + 2. Let i be h(3). Let c = 1 + i. Let q = -2 + c. Is q prime?
False
Suppose -4*f + 53 - 5 = 0. Let c = f + -7. Suppose -5*z - c = -75. Is z a composite number?
True
Suppose 60*m - 1778 = 58*m. Is m prime?
False
Let y(c) = 34*c**2 - c + 35. Is y(6) a prime number?
False
Let s be 12/(-7)*(-70)/20. Let y(q) = 3*q**2 + q + 7. Is y(s) a composite number?
True
Let t(y) = 31*y**2 + y + 1. Let h(s) = s**2 - 8*s - 2. Let d be h(8). Is t(d) a prime number?
False
Is 3*(-5)/90 - (-1123)/6 prime?
False
Let q(v) = -2*v - 10. Let y(j) = j**2 + 4*j - 3. Let a be y(-3). Let r(l) = 2*l. Let f be r(a). Is q(f) composite?
True
Let k be (-2)/7*(-3 - 4). Suppose 0 = 3*o + k*o - 395. Is o prime?
True
Suppose 741 = 5*x - 814. Let w = x + -452. Let y = w + 228. Is y a prime number?
False
Let p(v) = 71*v + 5. Let c be p(-7). Let r be (-20)/(-8)*c/(-10). Suppose s = 2*s - r. Is s a prime number?
False
Let o(a) = -a**3 + 10*a**2 + 2*a + 1. Let m = -5 - -3. Let b be m/(-7) - (-216)/28. Is o(b) a composite number?
True
Suppose -5*s + 653 = 2*q, 118 = -4*s - 4*q + 650. Is s a composite number?
True
Let v = 5 + 0. Let d be v/(-30) + 1/6. Let z(h) = -h**3 - h**2 + 77. Is z(d) composite?
True
Suppose 0 = -4*i - 0*i + 56. Let a = -9 + i. Suppose -48 = -4*k + 3*q, 34 = 3*k - a*q + 9. Is k a prime number?
False
Let m be 3 + -2 + (-2 - -1). Let a(l) = -l**3 - l**2 - l + 9. Is a(m) a prime number?
False
Suppose q + 126 = 3*q. Suppose 5*u = -3*b + 139, -34 - q = -3*u + 5*b. Let p = u + 10. Is p a prime number?
False
Suppose -2*m + 3*f + 2*f - 5 = 0, 0 = -3*f + 15. Suppose 0 = -v + 1 + m. Suppose 2*w - v = 7. Is w composite?
True
Suppose 2*h = 2*l - 8, l + h = -4*h + 10. Suppose -91 - 1224 = l*q. Let f = -172 - q. Is f prime?
False
Suppose -b - 508 = -5*b. Is b composite?
False
Let p be 5 + -2 + (-3 - -2). Suppose 0*n = -3*n + p*c + 3763, -2*n + 2507 = -3*c. Is n prime?
False
Let h(s) be the first derivative of 11*s**4/12 + 7*s**3/6 + s**2/2 + 2. Let v(b) be the second derivative of h(b). Is v(7) prime?
False
Is ((-112)/(-24))/((-4)/(-318)) composite?
True
Suppose t = -2*x - 14, 6 = 2*x - 4*x + t. Let b(o) = 2*o**3 - 6*o**2 - o - 8. Let m(h) = h**3 - h**2 - h - 1. Let d(w) = b(w) - 3*m(w). Is d(x) prime?
False
Suppose -4*h = -3*h - 33. Suppose 2*z - 139 = -h. Is z a composite number?
False
Let p be 12/8*8/3. Let r(a) = -4*a - 4 + 2 + 3 + p*a**2. Is r(4) a composite number?
True
Suppose -4*g - 4 + 12 = 0. Suppose -6*s - 3*l - 841 = -g*s, 4*s + 5*l = -831. Let u = 399 + s. Is u a composite number?
True
Suppose -x = x. Let c(k) = -k**2 + 356. Let r be c(x). Let a = -243 + r. Is a composite?
False
Let z = 12 - -64. Suppose -6*n + 2*n + 54 = -d, d + 33 = -3*n. Let k = z + d. Is k composite?
True
Let g(v) = v**3 - 7*v**2 + 7*v + 4. Is g(7) prime?
True
Let b = -6 + 10. Suppose b*k + 38 = -2*z, z = -0*k - 3*k - 31. Is 4/k - 202/(-3) prime?
True
Suppose -3*a = -3*t - 57, -5 - 8 = -a + 3*t. Is a composite?
True
Suppose 144 = v - 5*v. Let g = v + 113. Is g composite?
True
Suppose 8*i = 3*i + 3365. Is i a composite number?
False
Suppose 3 = -4*l - 1. Is l*(-1 + -45)/1 composite?
True
Suppose -b - 3*b = 12. Let c(z) = -z - 2. Let h be c(b). Is ((-34)/(-1) + h)*1 a prime number?
False
Let d = -2 - -2. Let y(b) = -3*b + 1. Let l be y(-3). Let v = d + l. Is v a composite number?
True
Let k(c) = 2*c - 3. Let z be k(3). Let v(t) = -28*t + 2. Let l be v(-6). Suppose 0 = -z*f + f + l. Is f prime?
False
Suppose -88 + 28 = -4*c. Is c a composite number?
True
Suppose 10 = 4*h - 2*h. Let v(r) be the third derivative of 11*r**4/24 - 2*r**3/3 + r**2. Is v(h) a prime number?
False
Suppose -4*o + 5*g + 8477 = 0, 3*g + 4580 = 4*o - 3903. Is o a prime number?
False
Let o(p) = p**2 + p. Let u = -2 + 3. Let l be o(u). Let k = 9 - l. Is k a composite number?
False
Let f = 266 + -165. Suppose -5*c + 5*o = -145, 4*o = -3*c - 0*o + f. Is c a composite number?
False
Let r = 11 - 14. Let d(g) = -g**3 - g - 1. Let z(h) = 2*h**3 + 4*h**2 + 5*h + 4. Let q(b) = 3*d(b) + z(b). Is q(r) prime?
False
Let w be (-585)/(-2) + (-11)/(-22). Let i = w - -122. Is i a prime number?
False
Suppose -143 = -4*c - 5*u - 3, 105 = 3*c + 3*u. Let x = c + 0. Is x a composite number?
True
Is 346402/126 - ((-40)/(-18) - 2) prime?
True
Suppose 10*l - 9*l - 1067 = 0. Is l composite?
True
Suppose -3*n + 4*n = -2*d - 861, 3*d = 3*n - 1305. Let g = 247 - d. Is g prime?
False
Suppose 0*n = -7*n + 3703. Is n composite?
True
Let h be (2/3)/((-5)/30). Let w(n) = -n**3 + 1. Let g be w(h). Let f = g - 32. Is f a prime number?
False
Suppose 4*r - r - 2091 = 0. Let b = -396 + r. Is b a prime number?
False
Let x(s) = 4*